
Is 5054047 composite?
False
Is 4570679 prime?
True
Is 320893 prime?
False
Is 8179573 a prime number?
True
Is 726319 prime?
False
Is 193372133 prime?
True
Is 7257553 composite?
False
Is 23469791 composite?
False
Is 32733287 composite?
False
Is 854261 prime?
False
Is 3285697 a composite number?
False
Is 9992263 a prime number?
True
Is 6210934 composite?
True
Is 380767747 a composite number?
False
Is 33641023 composite?
True
Is 6350867 a prime number?
True
Is 5791741 composite?
False
Is 2620067 prime?
False
Is 68656849 prime?
True
Is 1247923 a composite number?
False
Is 25909633 a prime number?
False
Is 53736927 a composite number?
True
Is 1378727121 a prime number?
False
Is 3672497 prime?
False
Is 312017441 composite?
True
Is 620111 a composite number?
False
Is 2033447 a prime number?
False
Is 149576853 a composite number?
True
Is 18733258 a prime number?
False
Is 16316017 composite?
False
Is 11493529 composite?
True
Is 307254929 prime?
True
Is 1284253 prime?
False
Is 14394683 composite?
False
Is 19447061 composite?
False
Is 14432911 a prime number?
True
Is 19145641 a composite number?
True
Is 17511419 composite?
False
Is 5900281 a prime number?
True
Is 210991 a prime number?
False
Is 872487259 composite?
True
Is 97043117 a composite number?
False
Is 27502793 prime?
False
Is 72437621 composite?
True
Is 40043063 a prime number?
True
Is 19038311 composite?
False
Is 40993366 prime?
False
Is 1324987 composite?
True
Is 939563 a prime number?
False
Is 54009379 a prime number?
True
Is 7924723 prime?
False
Is 2591734 composite?
True
Is 50723269 a composite number?
True
Is 310152971 a composite number?
False
Is 1781113 a composite number?
False
Is 3617927 composite?
False
Is 43788467 a prime number?
True
Is 39019 a prime number?
True
Is 25818123 prime?
False
Is 4201699 a composite number?
False
Is 1839907 a prime number?
True
Is 1454707 prime?
False
Is 132791749 a prime number?
True
Is 27805213 composite?
False
Is 643656671 prime?
False
Is 10589257 composite?
True
Is 14435859 a composite number?
True
Is 13303 a prime number?
False
Is 243331923 prime?
False
Is 2510852827 prime?
False
Is 1209615967 composite?
True
Is 32686777 prime?
True
Is 27410699 prime?
False
Is 52703249 prime?
True
Is 9441923 composite?
True
Is 4185689 prime?
False
Is 121737103 composite?
False
Is 5424929 a prime number?
True
Is 13002043 composite?
True
Is 42641 a composite number?
False
Is 44965513 prime?
True
Is 8327989 prime?
False
Is 4873753 composite?
False
Is 4881801 prime?
False
Is 36260117 a composite number?
False
Is 1601359 a prime number?
True
Is 342574907 a composite number?
False
Is 27899687 a composite number?
False
Is 1117009 a prime number?
True
Is 8211719 composite?
False
Is 15008717 a composite number?
True
Is 1478377 a prime number?
False
Is 15378119 a prime number?
True
Is 20065987 composite?
False
Is 19062341 a composite number?
False
Is 26011801 prime?
False
Is 1368869 a prime number?
True
Is 2343949 a prime number?
True
Is 1451374 composite?
True
Is 4101869 prime?
True
Is 3771133 composite?
False
Is 65573191 composite?
False
Is 92764609 a composite number?
True
Is 1198657 a composite number?
True
Is 6189983 a prime number?
True
Is 60964831 prime?
True
Is 739800811 composite?
True
Is 168253147 composite?
True
Is 173429065 prime?
False
Is 17669839 prime?
False
Is 369559033 a composite number?
False
Is 13865179 prime?
False
Is 14288297 a composite number?
True
Is 793369 a composite number?
True
Is 26261905 prime?
False
Is 974444297 a composite number?
True
Is 3689243 composite?
True
Is 27724691 a composite number?
False
Is 2278371 a prime number?
False
Is 40019219 a prime number?
True
Is 3192389 composite?
False
Is 70747043 composite?
False
Is 273608653 a composite number?
True
Is 150068995 a composite number?
True
Is 1270499 a prime number?
True
Is 1093399 prime?
True
Is 81002417 prime?
True
Is 849084793 prime?
True
Is 543863 a composite number?
True
Is 43451957 a prime number?
True
Is 4942901 a prime number?
True
Is 2835061 a prime number?
True
Is 936524659 a prime number?
False
Is 287741189 composite?
False
Is 40056209 composite?
True
Is 161328527 a composite number?
False
Is 91645747 a composite number?
False
Is 505811 a composite number?
False
Is 1226411 a composite number?
True
Is 3489151 a prime number?
False
Is 9947395 composite?
True
Is 44855467 prime?
True
Is 12224203 prime?
False
Is 2385329 composite?
False
Is 25044703 composite?
False
Is 4249703 a composite number?
False
Is 6695207 a composite number?
False
Is 2259605 a prime number?
False
Is 653327 composite?
True
Is 22877357 composite?
False
Is 441019 prime?
False
Is 185870857 a composite number?
True
Is 2499853 prime?
True
Is 165826235 a composite number?
True
Is 431939 a prime number?
False
Is 28398569 composite?
True
Is 558694711 composite?
False
Is 1871521 a prime number?
False
Is 81307235 a composite number?
True
Is 11937473 prime?
False
Is 38371283 a prime number?
True
Is 273729382 a composite number?
True
Is 3924779 a composite number?
False
Is 12622073 a prime number?
True
Is 6127 a prime number?
False
Is 10179017 prime?
False
Is 103179047 prime?
True
Is 577883 a prime number?
False
Is 2130239 a prime number?
True
Is 503819 a composite number?
False
Is 15553033 a prime number?
True
Is 29777141 prime?
False
Is 35193409 prime?
True
Is 1448303 a prime number?
True
Is 1722793 a composite number?
False
Is 61579139 prime?
False
Is 6692453 a composite number?
True
Is 94588463 a prime number?
True
Is 120673439 prime?
True
Is 3400615 composite?
True
Is 3875821 a composite number?
True
Is 1067987 prime?
True
Is 110953877 prime?
True
Is 2270383 a composite number?
False
Is 180196879 a composite number?
False
Is 88838791 a prime number?
True
Is 8589331 prime?
True
Is 37558718 prime?
False
Is 2148067 composite?
True
Is 470462086 composite?
True
Is 1632167 prime?
True
Is 7450629 a composite number?
True
Is 53478287 prime?
True
Is 64876667 composite?
True
Is 40659361 a prime number?
False
Is 121096366 a prime number?
False
Is 125282701 a composite number?
True
Is 1166849 composite?
False
Is 2480383 composite?
False
Is 6825166 a composite number?
True
Is 63827639 prime?
False
Is 24398573 prime?
True
Is 7052321 a prime number?
True
Is 39345203 composite?
True
Is 101534639 a composite number?
False
Is 37236401 a composite number?
True
Is 454653107 a prime number?
True
Is 51258301 composite?
False
Is 1381979 a prime number?
True
Is 6451883 a composite number?
True
Is 1554911 a prime number?
False
Is 24454829 prime?
False
Is 46358695 a prime number?
False
Is 3055657 a composite number?
True
Is 90413243 prime?
True
Is 1017749 prime?
True
Is 8317565 composite?
True
Is 7580029 prime?
False
Is 380222627 prime?
True
Is 124242491 prime?
False
Is 1863229 a prime number?
True
Is 3530899 composite?
True
Is 329437787 composite?
True
Is 6358747 prime?
True
Is 1069271 a prime number?
False
Is 101822057 a composite number?
False
Is 38778013 a prime number?
False
Is 5416943 prime?
False
Is 21814543 prime?
True
Is 3708127 a prime number?
False
Is 4944983 a composite number?
False
Is 896323 composite?
False
Is 30486667 composite?
False
Is 313098139 prime?
True
Is 2267077 a prime number?
False
Is 205952819 a prime number?
True
Is 529379 a prime number?
False
Is 5805455 a prime number?
False
Is 46206319 a prime number?
True
Is 2087503747 a prime number?
False
Is 26212441 composite?
True
Is 668001589 composite?
True
Is 563327 a prime number?
True
Is 8833477 prime?
True
Is 2121973 prime?
False
Is 36730073 composite?
True
Is 415901 prime?
True
Is 30406067 prime?
True
Is 3065549 composite?
False
Is 18355837 prime?
False
Is 5962049 composite?
True
Is 158489 composite?
False
Is 40538747 prime?
True
Is 1830379 prime?
True
Is 11319401 a prime number?
True
Is 33569221 prime?
False
Is 5595514 a prime number?
False
Is 145418453 composite?
False
Is 44162291 a composite number?
False
Is 954971 composite?
False
Is 4373389 a composite number?
False
Is 1924837 a prime number?
True
Is 17034973 prime?
False
Is 1981337089 a composite number?
False
Is 7046593 prime?
False
Is 8119543 a prime number?
False
Is 4801999 prime?
True
Is 10909445 composite?
True
Is 10244543 a prime number?
False
Is 2158679 composite?
False
Is 1742609 a prime number?
Fal